{"id":1829,"date":"2020-04-03T19:30:57","date_gmt":"2020-04-03T18:30:57","guid":{"rendered":"http:\/\/delasciencias.com\/inicio\/?page_id=1829"},"modified":"2025-02-27T10:35:15","modified_gmt":"2025-02-27T09:35:15","slug":"reserva","status":"publish","type":"page","link":"https:\/\/delasciencias.com\/inicio\/contacto\/reserva\/","title":{"rendered":"RESERVA"},"content":{"rendered":"\n<h3 class=\"wp-block-heading has-text-align-center\">RESERVA DE PLAZA<\/h3>\n\n\n\n<p>Para reservar plaza en algunos de nuestros cursos rellena el siguiente formulario dondes tienes que elegir el curso elegido, las asignaturas y el m\u00e9todo de pago. Una vez rellenado el formulario recibir\u00e1s un email con los datos para realizar el pago de la reserva de la plaza o puedes realizar el pago de la matricula con tarjeta o PayPal en el siguiente formulario. La matricula para cualquier curso son 20 \u20ac.<\/p>\n\n\n\n<p>Tambi\u00e9n puedes contactar con nosotros por tel\u00e9fono al 744 482 881 o si lo prefieres m\u00e1ndanos un email a info@delasciencias.com y te contestaremos en la mayor brevedad &nbsp;posible. MUCHAS GRACIAS.<\/p>\n\n\n\n<figure class=\"wp-block-image\"><img decoding=\"async\" src=\"https:\/\/www.lamanzanadenewton.com\/materiales\/mat_main_html_files\/118.png\" alt=\"\" title=\"\"\/><\/figure>\n\n\n<h3 style=\"text-align: left;\"><strong>Formulario de Reserva de plaza<\/strong><\/h3>\n\n<div class=\"wpcf7 no-js\" id=\"wpcf7-f3189-o1\" lang=\"es-ES\" dir=\"ltr\" data-wpcf7-id=\"3189\">\n<div class=\"screen-reader-response\"><p role=\"status\" aria-live=\"polite\" aria-atomic=\"true\"><\/p> <ul><\/ul><\/div>\n<form action=\"\/inicio\/wp-json\/wp\/v2\/pages\/1829#wpcf7-f3189-o1\" method=\"post\" class=\"wpcf7-form init\" aria-label=\"Formulario de contacto\" novalidate=\"novalidate\" data-status=\"init\">\n<fieldset class=\"hidden-fields-container\"><input type=\"hidden\" name=\"_wpcf7\" value=\"3189\" \/><input type=\"hidden\" name=\"_wpcf7_version\" value=\"6.1.5\" \/><input type=\"hidden\" name=\"_wpcf7_locale\" value=\"es_ES\" \/><input type=\"hidden\" name=\"_wpcf7_unit_tag\" value=\"wpcf7-f3189-o1\" \/><input type=\"hidden\" name=\"_wpcf7_container_post\" value=\"0\" \/><input type=\"hidden\" name=\"_wpcf7_posted_data_hash\" value=\"\" \/>\n<\/fieldset>\n<p><label> Nombre del Alumno completo (Obligatorio)<br \/>\n<span class=\"wpcf7-form-control-wrap\" data-name=\"your-name\"><input size=\"40\" maxlength=\"400\" class=\"wpcf7-form-control wpcf7-text wpcf7-validates-as-required\" aria-required=\"true\" aria-invalid=\"false\" value=\"\" type=\"text\" name=\"your-name\" \/><\/span> <\/label>\n<\/p>\n<p><label> Correo electr\u00f3nico (Obligatorio)<br \/>\n<span class=\"wpcf7-form-control-wrap\" data-name=\"your-email\"><input size=\"40\" maxlength=\"400\" class=\"wpcf7-form-control wpcf7-email wpcf7-validates-as-required wpcf7-text wpcf7-validates-as-email\" aria-required=\"true\" aria-invalid=\"false\" value=\"\" type=\"email\" name=\"your-email\" \/><\/span> <\/label>\n<\/p>\n<p><label> Tel\u00e9fono de contacto (Obligatorio)<br \/>\n<span class=\"wpcf7-form-control-wrap\" data-name=\"your-phone\"><input size=\"40\" maxlength=\"400\" class=\"wpcf7-form-control wpcf7-tel wpcf7-validates-as-required wpcf7-text wpcf7-validates-as-tel\" aria-required=\"true\" aria-invalid=\"false\" value=\"\" type=\"tel\" name=\"your-phone\" \/><\/span> <\/label>\n<\/p>\n<p><label> Curso Elegido (Obligatorio)<br \/>\n<span class=\"wpcf7-form-control-wrap\" data-name=\"your-course\"><input size=\"40\" maxlength=\"400\" class=\"wpcf7-form-control wpcf7-text wpcf7-validates-as-required\" aria-required=\"true\" aria-invalid=\"false\" value=\"\" type=\"text\" name=\"your-course\" \/><\/span> <\/label>\n<\/p>\n<p><label> Asignaturas Elegidas (Obligatorio)<br \/>\n<span class=\"wpcf7-form-control-wrap\" data-name=\"your-subjects\"><textarea cols=\"40\" rows=\"10\" maxlength=\"2000\" class=\"wpcf7-form-control wpcf7-textarea wpcf7-validates-as-required\" aria-required=\"true\" aria-invalid=\"false\" name=\"your-subjects\"><\/textarea><\/span> <\/label>\n<\/p>\n<p><label> Forma de pago (Obligatorio)<br \/>\n<span class=\"wpcf7-form-control-wrap\" data-name=\"your-pay\"><input size=\"40\" maxlength=\"400\" class=\"wpcf7-form-control wpcf7-text wpcf7-validates-as-required\" aria-required=\"true\" aria-invalid=\"false\" value=\"\" type=\"text\" name=\"your-pay\" \/><\/span> <\/label>\n<\/p>\n<p><label> Tu mensaje (opcional)<br \/>\n<span class=\"wpcf7-form-control-wrap\" data-name=\"your-message\"><textarea cols=\"40\" rows=\"10\" maxlength=\"2000\" class=\"wpcf7-form-control wpcf7-textarea\" aria-invalid=\"false\" name=\"your-message\"><\/textarea><\/span> <\/label>\n<\/p>\n<p><span class=\"wpcf7-form-control-wrap\" data-name=\"acceptance-937\"><span class=\"wpcf7-form-control wpcf7-acceptance optional\"><span class=\"wpcf7-list-item\"><label><input type=\"checkbox\" name=\"acceptance-937\" value=\"1\" class=\"Acepto la Politica de Privacidad y proteccin datos\" id=\"httpsdelascienciascominicionosotrospolitica-de-privacidad-y-proteccion-de-datos\" aria-invalid=\"false\" \/><span class=\"wpcf7-list-item-label\">Acepto la Politica de Privacidad y la protecci\u00f3n de datos<\/span><\/label><\/span><\/span><\/span>\n<\/p>\n<p><span class=\"wpcf7-form-control-wrap\" data-name=\"acceptance-937\"><span class=\"wpcf7-form-control wpcf7-acceptance optional\"><span class=\"wpcf7-list-item\"><label><input type=\"checkbox\" name=\"acceptance-937\" value=\"1\" class=\"Acepto y he ledo el aviso legal\" id=\"httpsdelascienciascominicionosotrosaviso-legal\" aria-invalid=\"false\" \/><span class=\"wpcf7-list-item-label\">Acepto y he le\u00eddo el aviso legal<\/span><\/label><\/span><\/span><\/span>\n<\/p>\n<p><span class=\"wpcf7-form-control-wrap\" data-name=\"acceptance-937\"><span class=\"wpcf7-form-control wpcf7-acceptance optional\"><span class=\"wpcf7-list-item\"><label><input type=\"checkbox\" name=\"acceptance-937\" value=\"1\" class=\"Acepto recibir publicidad o informacin sobre el curso solicitado\" id=\"httpsdelascienciascominicioclases-de-apoyo-y-refuerzo-escolar\" aria-invalid=\"false\" \/><span class=\"wpcf7-list-item-label\">Acepto recibir publicidad o informaci\u00f3n sobre el curso solicitado<\/span><\/label><\/span><\/span><\/span>\n<\/p>\n<p><input class=\"wpcf7-form-control wpcf7-submit has-spinner\" type=\"submit\" value=\"Enviar\" \/>\n<\/p><p style=\"display: none !important;\" class=\"akismet-fields-container\" data-prefix=\"_wpcf7_ak_\"><label>&#916;<textarea name=\"_wpcf7_ak_hp_textarea\" cols=\"45\" rows=\"8\" maxlength=\"100\"><\/textarea><\/label><input type=\"hidden\" id=\"ak_js_1\" name=\"_wpcf7_ak_js\" value=\"24\"\/><script>document.getElementById( \"ak_js_1\" ).setAttribute( \"value\", ( new Date() ).getTime() );<\/script><\/p><div class=\"wpcf7-response-output\" aria-hidden=\"true\"><\/div>\n<\/form>\n<\/div>\n\n<p>Recuerda antes de enviar el formulario de reserva leer nuestro\u00a0 <a href=\"https:\/\/delasciencias.com\/inicio\/nosotros\/aviso-legal\/\" target=\"_blank\" rel=\"nofollow noopener noreferrer\">Aviso Legal<\/a>\u00a0y la\u00a0<a href=\"https:\/\/delasciencias.com\/inicio\/nosotros\/politica-de-privacidad-y-proteccion-de-datos\/\" target=\"_blank\" rel=\"nofollow noopener noreferrer\">Pol\u00edtica de Privacidad<\/a> y si estas de acuerdo aceptarlo. Adem\u00e1s acepto recibir la informaci\u00f3n que la academia considere oportuno siempre sobre el curso elegido y enviarme por correo electr\u00f3nico o medio de comunicaci\u00f3n electr\u00f3nica equivalente. (Es posible darse de baja en cualquier momento)<\/p>\n\n\n<figure class=\"wp-block-image\"><img decoding=\"async\" src=\"https:\/\/www.lamanzanadenewton.com\/materiales\/mat_main_html_files\/118.png\" alt=\"\" title=\"\"\/><\/figure>\n\n\n\n<h3 class=\"wp-block-heading has-text-align-center\">METODOS DE PAGO<\/h3>\n\n\n<div class=\"wp-block-image\">\n<figure class=\"aligncenter size-full is-resized\"><img loading=\"lazy\" decoding=\"async\" width=\"412\" height=\"110\" src=\"https:\/\/delasciencias.com\/inicio\/wp-content\/uploads\/2024\/03\/image.png\" alt=\"\" class=\"wp-image-3482\" style=\"width:412px;height:auto\" srcset=\"https:\/\/delasciencias.com\/inicio\/wp-content\/uploads\/2024\/03\/image.png 412w, https:\/\/delasciencias.com\/inicio\/wp-content\/uploads\/2024\/03\/image-300x80.png 300w\" sizes=\"auto, (max-width: 412px) 100vw, 412px\" \/><\/figure>\n<\/div>\n\n\n<figure class=\"wp-block-image\"><img decoding=\"async\" src=\"https:\/\/www.lamanzanadenewton.com\/materiales\/mat_main_html_files\/118.png\" alt=\"\" title=\"\"\/><\/figure>\n\n\n\n<div class=\"wp-block-group\"><div class=\"wp-block-group__inner-container is-layout-constrained wp-block-group-is-layout-constrained\">\n<div class=\"wp-block-group alignwide\"><div class=\"wp-block-group__inner-container is-layout-constrained wp-block-group-is-layout-constrained\">\n<div class=\"wp-block-group alignwide\"><div class=\"wp-block-group__inner-container is-layout-constrained wp-block-group-is-layout-constrained\">\n<h3 class=\"wp-block-heading has-text-align-center\">PAGO DE MATRICULA <\/h3>\n\n\n<div class=\"forminator-ui forminator-custom-form forminator-custom-form-3420 forminator-design--bold  forminator_ajax\" data-forminator-render=\"0\" data-form=\"forminator-module-3420\" data-uid=\"69cffbe1df978\"><br\/><\/div><form\r\n\t\t\t\tid=\"forminator-module-3420\"\r\n\t\t\t\tclass=\"forminator-ui forminator-custom-form forminator-custom-form-3420 forminator-design--bold  forminator_ajax\"\r\n\t\t\t\tmethod=\"post\"\r\n\t\t\t\tdata-forminator-render=\"0\"\r\n\t\t\t\tdata-form-id=\"3420\"\r\n\t\t\t\t\r\n\t\t\t\tdata-design=\"bold\"\r\n\t\t\t\t\r\n\t\t\t\t\r\n\t\t\t\t\r\n\t\t\t\tdata-grid=\"open\"\r\n\t\t\t\t\r\n\t\t\t\t\r\n\t\t\t\tstyle=\"display: none;\"\r\n\t\t\t\t\r\n\t\t\t\tdata-uid=\"69cffbe1df978\"\r\n\t\t\t><div role=\"alert\" aria-live=\"polite\" class=\"forminator-response-message forminator-error\" aria-hidden=\"true\"><\/div><div class=\"forminator-row forminator-hidden\"><div id=\"paypal-1\" class=\"forminator-field-paypal forminator-col forminator-col-12 \"><input type=\"hidden\" name=\"paypal-1\" id=\"forminator-paypal-1-field_69cffbe1df978\" class=\"forminator-paypal-input\" data-is-payment=\"true\" data-payment-type=\"paypal\" data-currency=\"eur\" data-amount-type=\"fixed\" data-amount=\"20\" data-label=\"\" data-locale=\"en\" value=\"\" \/><\/div><\/div><input type=\"hidden\" name=\"referer_url\" value=\"\" \/><input type=\"hidden\" name=\"payment_gateway_total\" value=\"\" \/><div class=\"forminator-row forminator-paypal-row\"><div class=\"forminator-col forminator-col-12\"><div class=\"forminator-field\"><div id=\"paypal-button-container-3420_69cffbe1df978\" class=\"paypal-1-payment forminator-button-paypal\"><\/div><\/div><\/div><\/div><div class=\"forminator-row forminator-row-last\"><div class=\"forminator-col\"><div class=\"forminator-field\"><button class=\"forminator-button forminator-button-submit Pagar ahora\">Pagar ahora<\/button><\/div><\/div><\/div><input type=\"hidden\" id=\"forminator_nonce\" name=\"forminator_nonce\" value=\"812efb251f\" \/><input type=\"hidden\" name=\"_wp_http_referer\" value=\"\/inicio\/wp-json\/wp\/v2\/pages\/1829\" \/><input type=\"hidden\" name=\"form_id\" value=\"3420\"><input type=\"hidden\" name=\"page_id\" value=\"1829\"><input type=\"hidden\" name=\"form_type\" value=\"default\"><input type=\"hidden\" name=\"current_url\" value=\"https:\/\/delasciencias.com\/inicio\/contacto\/reserva\/\"><input type=\"hidden\" name=\"render_id\" value=\"0\"><input type=\"hidden\" name=\"action\" value=\"forminator_submit_form_custom-forms\"><\/form>\n<\/div><\/div>\n<\/div><\/div>\n\n\n\n<div class=\"wp-block-columns is-layout-flex wp-container-core-columns-is-layout-9d6595d7 wp-block-columns-is-layout-flex\">\n<div class=\"wp-block-column is-vertically-aligned-center is-layout-flow wp-block-column-is-layout-flow\" style=\"flex-basis:60%\">\n<div class=\"wp-block-group alignwide\"><div class=\"wp-block-group__inner-container is-layout-constrained wp-block-group-is-layout-constrained\"><p><script async\n  src=\"https:\/\/js.stripe.com\/v3\/buy-button.js\">\n<\/script><\/p>\n<p><stripe-buy-button\n  buy-button-id=\"buy_btn_1PC4TdB4U3OzIwiijOLX0wkq\"\n  publishable-key=\"pk_live_51OuIR1B4U3OzIwiiBJitXCVpxfEb6XAG4YwlfGXgLRFtmxd3geWYQ0WjbyBgDZiXOwmzWBfmRRRoNr0TCyZvbHW100oqtxVKR2\"\n><br \/>\n<\/stripe-buy-button><\/p>\n<\/div><\/div>\n<\/div>\n\n\n\n<div class=\"wp-block-column is-vertically-aligned-center is-layout-flow wp-block-column-is-layout-flow\" style=\"flex-basis:60%\"><p><script async\n  src=\"https:\/\/js.stripe.com\/v3\/buy-button.js\">\n<\/script><\/p>\n<p><stripe-buy-button\n  buy-button-id=\"buy_btn_1QwTUoB4U3OzIwiisFbfUUMz\"\n  publishable-key=\"pk_live_51OuIR1B4U3OzIwiiBJitXCVpxfEb6XAG4YwlfGXgLRFtmxd3geWYQ0WjbyBgDZiXOwmzWBfmRRRoNr0TCyZvbHW100oqtxVKR2\"\n><br \/>\n<\/stripe-buy-button><\/p>\n<\/div>\n\n\n\n<div class=\"wp-block-column is-layout-flow wp-block-column-is-layout-flow\" style=\"flex-basis:33.33%\"><div class=\"wp-block-image is-style-default\">\n<figure class=\"aligncenter size-full\"><img loading=\"lazy\" decoding=\"async\" width=\"290\" height=\"413\" src=\"https:\/\/delasciencias.com\/inicio\/wp-content\/uploads\/2025\/02\/Captura-de-pantalla-2025-02-27-a-las-10.20.09.png\" alt=\"\" class=\"wp-image-3984\" srcset=\"https:\/\/delasciencias.com\/inicio\/wp-content\/uploads\/2025\/02\/Captura-de-pantalla-2025-02-27-a-las-10.20.09.png 290w, https:\/\/delasciencias.com\/inicio\/wp-content\/uploads\/2025\/02\/Captura-de-pantalla-2025-02-27-a-las-10.20.09-211x300.png 211w\" sizes=\"auto, (max-width: 290px) 100vw, 290px\" \/><\/figure>\n<\/div><\/div>\n<\/div>\n<\/div><\/div>\n\n\n\n<figure class=\"wp-block-image\"><img decoding=\"async\" src=\"https:\/\/www.lamanzanadenewton.com\/materiales\/mat_main_html_files\/118.png\" alt=\"\" title=\"\"\/><\/figure>\n\n\n\n<p class=\"has-text-align-center\"><strong>Horario de atenci\u00f3n al p\u00fablico telef\u00f3nicamente:<\/strong><\/p>\n\n\n\n<p class=\"has-text-align-center\"><strong>De lunes a jueves:<\/strong><\/p>\n\n\n\n<p class=\"has-text-align-center\">10:00-14:00 y 16:00-21:00<\/p>\n\n\n\n<p class=\"has-text-align-center\"><strong>Viernes:<\/strong><\/p>\n\n\n\n<p class=\"has-text-align-center\">10:00-14:00<\/p>\n\n\n\n<p class=\"has-text-align-center\"><strong>S\u00e1bados:<\/strong><\/p>\n\n\n\n<p class=\"has-text-align-center\">10:00-13:00<\/p>\n\n\n\n<h3 class=\"wp-block-heading has-text-align-center\"><strong>\u260f 744 482 881<\/strong><\/h3>\n\n\n\n<figure class=\"wp-block-image\"><img decoding=\"async\" src=\"https:\/\/www.lamanzanadenewton.com\/materiales\/mat_main_html_files\/118.png\" alt=\"\" title=\"\"\/><\/figure>\n\n\n\n<pre class=\"wp-block-preformatted\">De conformidad con el art\u00edculo 13 de la secci\u00f3n 2 del Reglamento (UE) 2016\/679 del Parlamento Europeo y del Consejo, de 27 de abril de 2016, relativo a la protecci\u00f3n de las personas f\u00edsicas en lo que respecta al tratamiento de datos personales y a la libre circulaci\u00f3n de estos datos. \u201cEn Academia De Las Ciencias tratamos la informaci\u00f3n que nos facilita con el fin de prestarles el servicio solicitado y realizar su facturaci\u00f3n. Los datos proporcionados se conservar\u00e1n mientras se mantenga la relaci\u00f3n comercial o durante el tiempo necesario para cumplir con las obligaciones legales y atender las posibles responsabilidades que pudieran derivar del cumplimiento de la finalidad para la que los datos fueron recabados. Los datos no se ceder\u00e1n a terceros salvo en los casos en que exista una obligaci\u00f3n legal. Usted tiene derecho a obtener informaci\u00f3n sobre si en Academia De Las Ciencias  estamos tratando sus datos personales, por lo que puede ejercer sus derechos de acceso, rectificaci\u00f3n, supresi\u00f3n y portabilidad de datos y oposici\u00f3n y limitaci\u00f3n a su tratamiento ante Andres Jes\u00fas S\u00e1nchez Luque , Calle Florida, 7, Marchena (Sevilla) o en la direcci\u00f3n de correo electr\u00f3nico info@delasciencias.com, adjuntando copia de su DNI o documento equivalente.  Asimismo, y especialmente si considera que no ha obtenido satisfacci\u00f3n plena en el ejercicio de sus derechos, podr\u00e1 presentar una reclamaci\u00f3n ante la autoridad nacional de control dirigi\u00e9ndose a estos efectos a la Agencia Espa\u00f1ola de Protecci\u00f3n de Datos, C\/ Jorge Juan, 6 \u2013 28001 Madrid.<\/pre>\n","protected":false},"excerpt":{"rendered":"<p>RESERVA DE PLAZA Para reservar plaza en algunos de nuestros cursos rellena el siguiente formulario dondes tienes que elegir el curso elegido, las asignaturas y el m\u00e9todo de pago. Una vez rellenado<a class=\"moretag\" href=\"https:\/\/delasciencias.com\/inicio\/contacto\/reserva\/\">Leer m\u00e1s&#8230;<\/a><\/p>\n","protected":false},"author":1,"featured_media":0,"parent":144,"menu_order":1,"comment_status":"closed","ping_status":"closed","template":"","meta":{"footnotes":""},"class_list":["post-1829","page","type-page","status-publish","hentry"],"yoast_head":"<!-- This site is optimized with the Yoast SEO plugin v27.3 - https:\/\/yoast.com\/product\/yoast-seo-wordpress\/ -->\n<title>RESERVA - Tu Academia en Tomares | DE LAS CIENCIAS Academia en Tomares y Marchena | De Las Ciencias<\/title>\n<meta name=\"description\" content=\"Clases de apoyo escolar o particulares en Tomares y Marchena\" \/>\n<meta name=\"robots\" content=\"index, follow, max-snippet:-1, max-image-preview:large, max-video-preview:-1\" \/>\n<link rel=\"canonical\" href=\"https:\/\/delasciencias.com\/inicio\/contacto\/reserva\/\" \/>\n<meta property=\"og:locale\" content=\"es_ES\" \/>\n<meta property=\"og:type\" content=\"article\" \/>\n<meta property=\"og:title\" content=\"RESERVA - Tu Academia en Tomares | DE LAS CIENCIAS Academia en Tomares y Marchena | De Las Ciencias\" \/>\n<meta property=\"og:description\" content=\"Clases de apoyo escolar o particulares en Tomares y Marchena\" \/>\n<meta property=\"og:url\" content=\"https:\/\/delasciencias.com\/inicio\/contacto\/reserva\/\" \/>\n<meta property=\"og:site_name\" content=\"Tu Academia en Tomares | DE LAS CIENCIAS\" \/>\n<meta property=\"article:publisher\" content=\"https:\/\/www.facebook.com\/DeLasCiencias\/\" \/>\n<meta property=\"article:modified_time\" content=\"2025-02-27T09:35:15+00:00\" \/>\n<meta property=\"og:image\" content=\"https:\/\/www.lamanzanadenewton.com\/materiales\/mat_main_html_files\/118.png\" \/>\n<meta name=\"twitter:card\" content=\"summary_large_image\" \/>\n<meta name=\"twitter:site\" content=\"@LasCiencias\" \/>\n<meta name=\"twitter:label1\" content=\"Tiempo de lectura\" \/>\n\t<meta name=\"twitter:data1\" content=\"3 minutos\" \/>\n<script type=\"application\/ld+json\" class=\"yoast-schema-graph\">{\"@context\":\"https:\\\/\\\/schema.org\",\"@graph\":[{\"@type\":\"WebPage\",\"@id\":\"https:\\\/\\\/delasciencias.com\\\/inicio\\\/contacto\\\/reserva\\\/\",\"url\":\"https:\\\/\\\/delasciencias.com\\\/inicio\\\/contacto\\\/reserva\\\/\",\"name\":\"RESERVA - Tu Academia en Tomares | DE LAS CIENCIAS Academia en Tomares y Marchena | De Las Ciencias\",\"isPartOf\":{\"@id\":\"https:\\\/\\\/delasciencias.com\\\/inicio\\\/#website\"},\"primaryImageOfPage\":{\"@id\":\"https:\\\/\\\/delasciencias.com\\\/inicio\\\/contacto\\\/reserva\\\/#primaryimage\"},\"image\":{\"@id\":\"https:\\\/\\\/delasciencias.com\\\/inicio\\\/contacto\\\/reserva\\\/#primaryimage\"},\"thumbnailUrl\":\"https:\\\/\\\/www.lamanzanadenewton.com\\\/materiales\\\/mat_main_html_files\\\/118.png\",\"datePublished\":\"2020-04-03T18:30:57+00:00\",\"dateModified\":\"2025-02-27T09:35:15+00:00\",\"description\":\"Clases de apoyo escolar o particulares en Tomares y Marchena\",\"breadcrumb\":{\"@id\":\"https:\\\/\\\/delasciencias.com\\\/inicio\\\/contacto\\\/reserva\\\/#breadcrumb\"},\"inLanguage\":\"es\",\"potentialAction\":[{\"@type\":\"ReadAction\",\"target\":[\"https:\\\/\\\/delasciencias.com\\\/inicio\\\/contacto\\\/reserva\\\/\"]}]},{\"@type\":\"ImageObject\",\"inLanguage\":\"es\",\"@id\":\"https:\\\/\\\/delasciencias.com\\\/inicio\\\/contacto\\\/reserva\\\/#primaryimage\",\"url\":\"https:\\\/\\\/www.lamanzanadenewton.com\\\/materiales\\\/mat_main_html_files\\\/118.png\",\"contentUrl\":\"https:\\\/\\\/www.lamanzanadenewton.com\\\/materiales\\\/mat_main_html_files\\\/118.png\"},{\"@type\":\"BreadcrumbList\",\"@id\":\"https:\\\/\\\/delasciencias.com\\\/inicio\\\/contacto\\\/reserva\\\/#breadcrumb\",\"itemListElement\":[{\"@type\":\"ListItem\",\"position\":1,\"name\":\"Portada\",\"item\":\"https:\\\/\\\/delasciencias.com\\\/inicio\\\/\"},{\"@type\":\"ListItem\",\"position\":2,\"name\":\"CONTACTO\",\"item\":\"https:\\\/\\\/delasciencias.com\\\/inicio\\\/contacto\\\/\"},{\"@type\":\"ListItem\",\"position\":3,\"name\":\"RESERVA\"}]},{\"@type\":\"WebSite\",\"@id\":\"https:\\\/\\\/delasciencias.com\\\/inicio\\\/#website\",\"url\":\"https:\\\/\\\/delasciencias.com\\\/inicio\\\/\",\"name\":\"Tu Academia en Tomares | DE LAS CIENCIAS\",\"description\":\"Clases de apoyo o particulares en Tomares\",\"publisher\":{\"@id\":\"https:\\\/\\\/delasciencias.com\\\/inicio\\\/#organization\"},\"alternateName\":\"Academia De Las Ciencias\",\"inLanguage\":\"es\"},{\"@type\":\"Organization\",\"@id\":\"https:\\\/\\\/delasciencias.com\\\/inicio\\\/#organization\",\"name\":\"ACADEMIA DE LAS CIENCIAS | TOMARES | MARCHENA\",\"alternateName\":\"CLASES DE APOYO ESCOLAR y PARTICULARES | TOMARES | MARCHENA\",\"url\":\"https:\\\/\\\/delasciencias.com\\\/inicio\\\/\",\"logo\":{\"@type\":\"ImageObject\",\"inLanguage\":\"es\",\"@id\":\"https:\\\/\\\/delasciencias.com\\\/inicio\\\/#\\\/schema\\\/logo\\\/image\\\/\",\"url\":\"https:\\\/\\\/delasciencias.com\\\/inicio\\\/wp-content\\\/uploads\\\/2020\\\/11\\\/Captura-de-pantalla-2019-10-12-a-las-0.03.45.png\",\"contentUrl\":\"https:\\\/\\\/delasciencias.com\\\/inicio\\\/wp-content\\\/uploads\\\/2020\\\/11\\\/Captura-de-pantalla-2019-10-12-a-las-0.03.45.png\",\"width\":257,\"height\":254,\"caption\":\"ACADEMIA DE LAS CIENCIAS | TOMARES | MARCHENA\"},\"image\":{\"@id\":\"https:\\\/\\\/delasciencias.com\\\/inicio\\\/#\\\/schema\\\/logo\\\/image\\\/\"},\"sameAs\":[\"https:\\\/\\\/www.facebook.com\\\/DeLasCiencias\\\/\",\"https:\\\/\\\/x.com\\\/LasCiencias\",\"https:\\\/\\\/www.instagram.com\\\/delas_ciencias\\\/\",\"https:\\\/\\\/www.youtube.com\\\/channel\\\/UC2Kc8NJRRsyI6awzYByAgdg\"]}]}<\/script>\n<!-- \/ Yoast SEO plugin. -->","yoast_head_json":{"title":"RESERVA - Tu Academia en Tomares | DE LAS CIENCIAS Academia en Tomares y Marchena | De Las Ciencias","description":"Clases de apoyo escolar o particulares en Tomares y Marchena","robots":{"index":"index","follow":"follow","max-snippet":"max-snippet:-1","max-image-preview":"max-image-preview:large","max-video-preview":"max-video-preview:-1"},"canonical":"https:\/\/delasciencias.com\/inicio\/contacto\/reserva\/","og_locale":"es_ES","og_type":"article","og_title":"RESERVA - Tu Academia en Tomares | DE LAS CIENCIAS Academia en Tomares y Marchena | De Las Ciencias","og_description":"Clases de apoyo escolar o particulares en Tomares y Marchena","og_url":"https:\/\/delasciencias.com\/inicio\/contacto\/reserva\/","og_site_name":"Tu Academia en Tomares | DE LAS CIENCIAS","article_publisher":"https:\/\/www.facebook.com\/DeLasCiencias\/","article_modified_time":"2025-02-27T09:35:15+00:00","og_image":[{"url":"https:\/\/www.lamanzanadenewton.com\/materiales\/mat_main_html_files\/118.png","type":"","width":"","height":""}],"twitter_card":"summary_large_image","twitter_site":"@LasCiencias","twitter_misc":{"Tiempo de lectura":"3 minutos"},"schema":{"@context":"https:\/\/schema.org","@graph":[{"@type":"WebPage","@id":"https:\/\/delasciencias.com\/inicio\/contacto\/reserva\/","url":"https:\/\/delasciencias.com\/inicio\/contacto\/reserva\/","name":"RESERVA - Tu Academia en Tomares | DE LAS CIENCIAS Academia en Tomares y Marchena | De Las Ciencias","isPartOf":{"@id":"https:\/\/delasciencias.com\/inicio\/#website"},"primaryImageOfPage":{"@id":"https:\/\/delasciencias.com\/inicio\/contacto\/reserva\/#primaryimage"},"image":{"@id":"https:\/\/delasciencias.com\/inicio\/contacto\/reserva\/#primaryimage"},"thumbnailUrl":"https:\/\/www.lamanzanadenewton.com\/materiales\/mat_main_html_files\/118.png","datePublished":"2020-04-03T18:30:57+00:00","dateModified":"2025-02-27T09:35:15+00:00","description":"Clases de apoyo escolar o particulares en Tomares y Marchena","breadcrumb":{"@id":"https:\/\/delasciencias.com\/inicio\/contacto\/reserva\/#breadcrumb"},"inLanguage":"es","potentialAction":[{"@type":"ReadAction","target":["https:\/\/delasciencias.com\/inicio\/contacto\/reserva\/"]}]},{"@type":"ImageObject","inLanguage":"es","@id":"https:\/\/delasciencias.com\/inicio\/contacto\/reserva\/#primaryimage","url":"https:\/\/www.lamanzanadenewton.com\/materiales\/mat_main_html_files\/118.png","contentUrl":"https:\/\/www.lamanzanadenewton.com\/materiales\/mat_main_html_files\/118.png"},{"@type":"BreadcrumbList","@id":"https:\/\/delasciencias.com\/inicio\/contacto\/reserva\/#breadcrumb","itemListElement":[{"@type":"ListItem","position":1,"name":"Portada","item":"https:\/\/delasciencias.com\/inicio\/"},{"@type":"ListItem","position":2,"name":"CONTACTO","item":"https:\/\/delasciencias.com\/inicio\/contacto\/"},{"@type":"ListItem","position":3,"name":"RESERVA"}]},{"@type":"WebSite","@id":"https:\/\/delasciencias.com\/inicio\/#website","url":"https:\/\/delasciencias.com\/inicio\/","name":"Tu Academia en Tomares | DE LAS CIENCIAS","description":"Clases de apoyo o particulares en Tomares","publisher":{"@id":"https:\/\/delasciencias.com\/inicio\/#organization"},"alternateName":"Academia De Las Ciencias","inLanguage":"es"},{"@type":"Organization","@id":"https:\/\/delasciencias.com\/inicio\/#organization","name":"ACADEMIA DE LAS CIENCIAS | TOMARES | MARCHENA","alternateName":"CLASES DE APOYO ESCOLAR y PARTICULARES | TOMARES | MARCHENA","url":"https:\/\/delasciencias.com\/inicio\/","logo":{"@type":"ImageObject","inLanguage":"es","@id":"https:\/\/delasciencias.com\/inicio\/#\/schema\/logo\/image\/","url":"https:\/\/delasciencias.com\/inicio\/wp-content\/uploads\/2020\/11\/Captura-de-pantalla-2019-10-12-a-las-0.03.45.png","contentUrl":"https:\/\/delasciencias.com\/inicio\/wp-content\/uploads\/2020\/11\/Captura-de-pantalla-2019-10-12-a-las-0.03.45.png","width":257,"height":254,"caption":"ACADEMIA DE LAS CIENCIAS | TOMARES | MARCHENA"},"image":{"@id":"https:\/\/delasciencias.com\/inicio\/#\/schema\/logo\/image\/"},"sameAs":["https:\/\/www.facebook.com\/DeLasCiencias\/","https:\/\/x.com\/LasCiencias","https:\/\/www.instagram.com\/delas_ciencias\/","https:\/\/www.youtube.com\/channel\/UC2Kc8NJRRsyI6awzYByAgdg"]}]}},"_links":{"self":[{"href":"https:\/\/delasciencias.com\/inicio\/wp-json\/wp\/v2\/pages\/1829","targetHints":{"allow":["GET"]}}],"collection":[{"href":"https:\/\/delasciencias.com\/inicio\/wp-json\/wp\/v2\/pages"}],"about":[{"href":"https:\/\/delasciencias.com\/inicio\/wp-json\/wp\/v2\/types\/page"}],"author":[{"embeddable":true,"href":"https:\/\/delasciencias.com\/inicio\/wp-json\/wp\/v2\/users\/1"}],"replies":[{"embeddable":true,"href":"https:\/\/delasciencias.com\/inicio\/wp-json\/wp\/v2\/comments?post=1829"}],"version-history":[{"count":63,"href":"https:\/\/delasciencias.com\/inicio\/wp-json\/wp\/v2\/pages\/1829\/revisions"}],"predecessor-version":[{"id":3995,"href":"https:\/\/delasciencias.com\/inicio\/wp-json\/wp\/v2\/pages\/1829\/revisions\/3995"}],"up":[{"embeddable":true,"href":"https:\/\/delasciencias.com\/inicio\/wp-json\/wp\/v2\/pages\/144"}],"wp:attachment":[{"href":"https:\/\/delasciencias.com\/inicio\/wp-json\/wp\/v2\/media?parent=1829"}],"curies":[{"name":"wp","href":"https:\/\/api.w.org\/{rel}","templated":true}]}}